[INFO] cloning repository https://github.com/DrPandemic/dns
[INFO] running `Command { std: "git" "-c" "credential.helper=" "-c" "credential.helper=/workspace/cargo-home/bin/git-credential-null" "clone" "--bare" "https://github.com/DrPandemic/dns" "/workspace/cache/git-repos/https%3A%2F%2Fgithub.com%2FDrPandemic%2Fdns", kill_on_drop: false }`
[INFO] [stderr] Cloning into bare repository '/workspace/cache/git-repos/https%3A%2F%2Fgithub.com%2FDrPandemic%2Fdns'...
[INFO] running `Command { std: "git" "rev-parse" "HEAD", kill_on_drop: false }`
[INFO] [stdout] c97de3baa9fd82b90c53f00fc272a885e94cfe91
[INFO] checking DrPandemic/dns against master#9610dfe5a9a731ced1ea4923ecbd0c57fe367898 for beta-170-4
[INFO] running `Command { std: "git" "clone" "/workspace/cache/git-repos/https%3A%2F%2Fgithub.com%2FDrPandemic%2Fdns" "/workspace/builds/worker-4-tc1/source", kill_on_drop: false }`
[INFO] [stderr] Cloning into '/workspace/builds/worker-4-tc1/source'...
[INFO] [stderr] done.
[INFO] validating manifest of git repo https://github.com/DrPandemic/dns on toolchain 9610dfe5a9a731ced1ea4923ecbd0c57fe367898
[INFO] running `Command { std: CARGO_HOME="/workspace/cargo-home" RUSTUP_HOME="/workspace/rustup-home" "/workspace/cargo-home/bin/cargo" "+9610dfe5a9a731ced1ea4923ecbd0c57fe367898" "metadata" "--manifest-path" "Cargo.toml" "--no-deps", kill_on_drop: false }`
[INFO] removed /workspace/builds/worker-4-tc1/source/.cargo/config
[INFO] started tweaking git repo https://github.com/DrPandemic/dns
[INFO] finished tweaking git repo https://github.com/DrPandemic/dns
[INFO] tweaked toml for git repo https://github.com/DrPandemic/dns written to /workspace/builds/worker-4-tc1/source/Cargo.toml
[INFO] crate git repo https://github.com/DrPandemic/dns already has a lockfile, it will not be regenerated
[INFO] running `Command { std: CARGO_HOME="/workspace/cargo-home" RUSTUP_HOME="/workspace/rustup-home" "/workspace/cargo-home/bin/cargo" "+9610dfe5a9a731ced1ea4923ecbd0c57fe367898" "fetch" "--manifest-path" "Cargo.toml", kill_on_drop: false }`
[INFO] [stderr]     Updating crates.io index
[INFO] [stderr]  Downloading crates ...
[INFO] [stderr]   Downloaded bcrypt v0.8.2
[INFO] [stderr]   Downloaded actix-web-httpauth v0.4.2
[INFO] [stderr]   Downloaded nix v0.16.1
[INFO] running `Command { std: "docker" "create" "-v" "/var/lib/crater-agent-workspace/builds/worker-4-tc1/target:/opt/rustwide/target:rw,Z" "-v" "/var/lib/crater-agent-workspace/builds/worker-4-tc1/source:/opt/rustwide/workdir:ro,Z" "-v" "/var/lib/crater-agent-workspace/cargo-home:/opt/rustwide/cargo-home:ro,Z" "-v" "/var/lib/crater-agent-workspace/rustup-home:/opt/rustwide/rustup-home:ro,Z" "-e" "SOURCE_DIR=/opt/rustwide/workdir" "-e" "CARGO_TARGET_DIR=/opt/rustwide/target" "-e" "CARGO_HOME=/opt/rustwide/cargo-home" "-e" "RUSTUP_HOME=/opt/rustwide/rustup-home" "-w" "/opt/rustwide/workdir" "-m" "1610612736" "--user" "0:0" "--network" "none" "ghcr.io/rust-lang/crates-build-env/linux@sha256:19e73879b68f455e41552ea35293514db52ea292d993f571636dbffedb77a1ee" "/opt/rustwide/cargo-home/bin/cargo" "+9610dfe5a9a731ced1ea4923ecbd0c57fe367898" "metadata" "--no-deps" "--format-version=1", kill_on_drop: false }`
[INFO] [stdout] fd59ffd89e792d32ace2cce397fc4680d8ac5719e005caf17a67722ca8aa98b7
[INFO] running `Command { std: "docker" "start" "-a" "fd59ffd89e792d32ace2cce397fc4680d8ac5719e005caf17a67722ca8aa98b7", kill_on_drop: false }`
[INFO] running `Command { std: "docker" "inspect" "fd59ffd89e792d32ace2cce397fc4680d8ac5719e005caf17a67722ca8aa98b7", kill_on_drop: false }`
[INFO] running `Command { std: "docker" "rm" "-f" "fd59ffd89e792d32ace2cce397fc4680d8ac5719e005caf17a67722ca8aa98b7", kill_on_drop: false }`
[INFO] [stdout] fd59ffd89e792d32ace2cce397fc4680d8ac5719e005caf17a67722ca8aa98b7
[INFO] running `Command { std: "docker" "create" "-v" "/var/lib/crater-agent-workspace/builds/worker-4-tc1/target:/opt/rustwide/target:rw,Z" "-v" "/var/lib/crater-agent-workspace/builds/worker-4-tc1/source:/opt/rustwide/workdir:ro,Z" "-v" "/var/lib/crater-agent-workspace/cargo-home:/opt/rustwide/cargo-home:ro,Z" "-v" "/var/lib/crater-agent-workspace/rustup-home:/opt/rustwide/rustup-home:ro,Z" "-e" "SOURCE_DIR=/opt/rustwide/workdir" "-e" "CARGO_TARGET_DIR=/opt/rustwide/target" "-e" "CARGO_INCREMENTAL=0" "-e" "RUST_BACKTRACE=full" "-e" "RUSTFLAGS=--cap-lints=forbid" "-e" "RUSTDOCFLAGS=--cap-lints=forbid" "-e" "CARGO_HOME=/opt/rustwide/cargo-home" "-e" "RUSTUP_HOME=/opt/rustwide/rustup-home" "-w" "/opt/rustwide/workdir" "-m" "1610612736" "--user" "0:0" "--network" "none" "ghcr.io/rust-lang/crates-build-env/linux@sha256:19e73879b68f455e41552ea35293514db52ea292d993f571636dbffedb77a1ee" "/opt/rustwide/cargo-home/bin/cargo" "+9610dfe5a9a731ced1ea4923ecbd0c57fe367898" "check" "--frozen" "--all" "--all-targets" "--message-format=json", kill_on_drop: false }`
[INFO] [stdout] 4fb7354d5c05ce48a7c75f49738194fbaaed1cc750fb8f932b38394288e5bd4a
[INFO] running `Command { std: "docker" "start" "-a" "4fb7354d5c05ce48a7c75f49738194fbaaed1cc750fb8f932b38394288e5bd4a", kill_on_drop: false }`
[INFO] [stderr]    Compiling proc-macro2 v1.0.47
[INFO] [stderr]    Compiling unicode-ident v1.0.5
[INFO] [stderr]    Compiling libc v0.2.138
[INFO] [stderr]    Compiling syn v1.0.105
[INFO] [stderr]    Compiling memchr v2.5.0
[INFO] [stderr]    Compiling cc v1.0.78
[INFO] [stderr]    Compiling log v0.4.17
[INFO] [stderr]    Compiling futures-core v0.3.25
[INFO] [stderr]    Compiling slab v0.4.7
[INFO] [stderr]     Checking futures-sink v0.3.25
[INFO] [stderr]     Checking once_cell v1.16.0
[INFO] [stderr]    Compiling futures-channel v0.3.25
[INFO] [stderr]     Checking pin-project-lite v0.2.9
[INFO] [stderr]    Compiling futures-task v0.3.25
[INFO] [stderr]    Compiling futures-util v0.3.25
[INFO] [stderr]     Checking futures-io v0.3.25
[INFO] [stderr]    Compiling serde_derive v1.0.150
[INFO] [stderr]    Compiling serde v1.0.150
[INFO] [stderr]     Checking smallvec v1.10.0
[INFO] [stderr]     Checking itoa v1.0.4
[INFO] [stderr]    Compiling quote v1.0.21
[INFO] [stderr]    Compiling lock_api v0.4.9
[INFO] [stderr]    Compiling parking_lot_core v0.8.6
[INFO] [stderr]    Compiling pin-project-internal v0.4.30
[INFO] [stderr]     Checking instant v0.1.12
[INFO] [stderr]     Checking either v1.8.0
[INFO] [stderr]     Checking tinyvec v1.6.0
[INFO] [stderr]     Checking bytes v1.3.0
[INFO] [stderr]     Checking miniz_oxide v0.6.2
[INFO] [stderr]    Compiling ring v0.16.20
[INFO] [stderr]     Checking percent-encoding v2.2.0
[INFO] [stderr]     Checking unicode-bidi v0.3.8
[INFO] [stderr]     Checking form_urlencoded v1.1.0
[INFO] [stderr]    Compiling backtrace v0.3.67
[INFO] [stderr]     Checking tracing-core v0.1.30
[INFO] [stderr]     Checking num_cpus v1.14.0
[INFO] [stderr]     Checking iovec v0.1.4
[INFO] [stderr]     Checking net2 v0.2.38
[INFO] [stderr]     Checking signal-hook-registry v1.4.0
[INFO] [stderr]     Checking threadpool v1.8.1
[INFO] [stderr]     Checking socket2 v0.3.19
[INFO] [stderr]     Checking http v0.2.8
[INFO] [stderr]     Checking mio v0.6.23
[INFO] [stderr]     Checking parking_lot v0.11.2
[INFO] [stderr]     Checking getrandom v0.1.16
[INFO] [stderr]    Compiling indexmap v1.9.2
[INFO] [stderr]     Checking itoa v0.4.8
[INFO] [stderr]    Compiling unicode-xid v0.2.4
[INFO] [stderr]     Checking gimli v0.27.0
[INFO] [stderr]    Compiling failure_derive v0.1.8
[INFO] [stderr]     Checking unicode-normalization v0.1.22
[INFO] [stderr]     Checking mio-uds v0.6.8
[INFO] [stderr]     Checking rand_core v0.5.1
[INFO] [stderr]     Checking tracing v0.1.37
[INFO] [stderr]     Checking object v0.30.0
[INFO] [stderr]    Compiling openssl-src v111.24.0+1.1.1s
[INFO] [stderr]    Compiling crc32fast v1.3.2
[INFO] [stderr]    Compiling pkg-config v0.3.26
[INFO] [stderr]     Checking idna v0.3.0
[INFO] [stderr]     Checking ppv-lite86 v0.2.17
[INFO] [stderr]     Checking hashbrown v0.12.3
[INFO] [stderr]     Checking url v2.3.1
[INFO] [stderr]    Compiling httparse v1.8.0
[INFO] [stderr]    Compiling async-trait v0.1.59
[INFO] [stderr]    Compiling openssl-sys v0.9.79
[INFO] [stderr]     Checking rand_chacha v0.2.2
[INFO] [stderr]     Checking base64 v0.10.1
[INFO] [stderr]     Checking match_cfg v0.1.0
[INFO] [stderr]     Checking rand v0.7.3
[INFO] [stderr]     Checking hostname v0.3.1
[INFO] [stderr]     Checking idna v0.2.3
[INFO] [stderr]    Compiling brotli-sys v0.3.2
[INFO] [stderr]     Checking aho-corasick v0.7.20
[INFO] [stderr]     Checking addr2line v0.19.0
[INFO] [stderr]    Compiling num-integer v0.1.45
[INFO] [stderr]     Checking webpki v0.21.4
[INFO] [stderr]     Checking sct v0.6.1
[INFO] [stderr]    Compiling encoding_rs v0.8.31
[INFO] [stderr]     Checking regex-syntax v0.6.28
[INFO] [stderr]     Checking quick-error v1.2.3
[INFO] [stderr]     Checking linked-hash-map v0.5.6
[INFO] [stderr]     Checking resolv-conf v0.6.3
[INFO] [stderr]     Checking rustls v0.16.0
[INFO] [stderr]     Checking flate2 v1.0.25
[INFO] [stderr]     Checking lru-cache v0.1.2
[INFO] [stderr]     Checking mime v0.3.16
[INFO] [stderr]    Compiling nom v4.2.3
[INFO] [stderr]    Compiling synstructure v0.12.6
[INFO] [stderr]     Checking webpki-roots v0.17.0
[INFO] [stderr]     Checking regex v1.7.0
[INFO] [stderr]     Checking time v0.1.45
[INFO] [stderr]    Compiling typenum v1.16.0
[INFO] [stderr]     Checking iana-time-zone v0.1.53
[INFO] [stderr]     Checking dtoa v0.4.8
[INFO] [stderr]    Compiling crossbeam-utils v0.8.14
[INFO] [stderr]    Compiling openssl v0.10.44
[INFO] [stderr]     Checking sha1_smol v1.0.0
[INFO] [stderr]     Checking chrono v0.4.23
[INFO] [stderr]     Checking sha1 v0.6.1
[INFO] [stderr]     Checking fxhash v0.2.1
[INFO] [stderr]    Compiling generic-array v0.14.6
[INFO] [stderr]    Compiling memoffset v0.7.1
[INFO] [stderr]     Checking base64 v0.11.0
[INFO] [stderr]    Compiling native-tls v0.2.11
[INFO] [stderr]    Compiling mime_guess v2.0.4
[INFO] [stderr]     Checking bytestring v1.2.0
[INFO] [stderr]    Compiling crossbeam-epoch v0.9.13
[INFO] [stderr]     Checking unicode-width v0.1.10
[INFO] [stderr]     Checking want v0.3.0
[INFO] [stderr]     Checking textwrap v0.11.0
[INFO] [stderr]    Compiling proc-macro-error-attr v1.0.4
[INFO] [stderr]     Checking unicase v2.6.0
[INFO] [stderr]     Checking http-body v0.3.1
[INFO] [stderr]     Checking atty v0.2.14
[INFO] [stderr]     Checking getrandom v0.2.8
[INFO] [stderr]    Compiling v_htmlescape v0.4.5
[INFO] [stderr]     Checking httpdate v0.3.2
[INFO] [stderr]     Checking tower-service v0.3.2
[INFO] [stderr]    Compiling unicode-segmentation v1.10.0
[INFO] [stderr]     Checking clap v2.34.0
[INFO] [stderr]     Checking block-cipher v0.8.0
[INFO] [stderr]     Checking ahash v0.7.6
[INFO] [stderr]    Compiling proc-macro-error v1.0.4
[INFO] [stderr]    Compiling tokio-macros v0.2.6
[INFO] [stderr]    Compiling futures-macro v0.3.25
[INFO] [stderr]    Compiling derive_more v0.99.17
[INFO] [stderr]     Checking tokio v0.2.25
[INFO] [stderr]    Compiling actix-macros v0.1.3
[INFO] [stderr]    Compiling pin-project-internal v1.0.12
[INFO] [stderr]     Checking pin-project v0.4.30
[INFO] [stderr]     Checking failure v0.1.8
[INFO] [stderr]    Compiling enum-as-inner v0.3.4
[INFO] [stderr]     Checking pin-project v1.0.12
[INFO] [stderr]     Checking tracing-futures v0.2.5
[INFO] [stderr]    Compiling openssl-macros v0.1.0
[INFO] [stderr]     Checking brotli2 v0.3.2
[INFO] [stderr]    Compiling actix-web-codegen v0.2.2
[INFO] [stderr]    Compiling v_escape_derive v0.5.6
[INFO] [stderr]    Compiling heck v0.3.3
[INFO] [stderr]     Checking tokio-util v0.3.1
[INFO] [stderr]     Checking tokio-util v0.2.0
[INFO] [stderr]     Checking actix-codec v0.2.0
[INFO] [stderr]     Checking tokio-rustls v0.12.3
[INFO] [stderr]     Checking actix-codec v0.3.0
[INFO] [stderr]     Checking futures-executor v0.3.25
[INFO] [stderr]     Checking actix-service v1.0.6
[INFO] [stderr]     Checking futures v0.3.25
[INFO] [stderr]     Checking h2 v0.2.7
[INFO] [stderr]     Checking trust-dns-proto v0.18.0-alpha.2
[INFO] [stderr]     Checking actix-threadpool v0.3.3
[INFO] [stderr]     Checking actix-rt v1.1.1
[INFO] [stderr]    Compiling smartstring v1.0.1
[INFO] [stderr]     Checking actix-utils v1.0.6
[INFO] [stderr]     Checking actix-utils v2.0.0
[INFO] [stderr]     Checking v_escape v0.7.4
[INFO] [stderr]    Compiling rayon-core v1.10.1
[INFO] [stderr]    Compiling nix v0.16.1
[INFO] [stderr]     Checking actix-tls v1.0.0
[INFO] [stderr]     Checking actix-server v1.0.4
[INFO] [stderr]     Checking blowfish v0.6.0
[INFO] [stderr]     Checking crossbeam-deque v0.8.2
[INFO] [stderr]    Compiling structopt-derive v0.4.18
[INFO] [stderr]     Checking hashbrown v0.11.2
[INFO] [stderr]     Checking crossbeam-channel v0.5.6
[INFO] [stderr]     Checking actix-testing v1.0.1
[INFO] [stderr]     Checking async-compression v0.3.15
[INFO] [stderr]     Checking trust-dns-resolver v0.18.0-alpha.2
[INFO] [stderr]     Checking ipnet v2.7.0
[INFO] [stderr]     Checking regex-automata v0.1.10
[INFO] [stderr]     Checking base64 v0.13.1
[INFO] [stderr]     Checking plotters-backend v0.3.4
[INFO] [stderr]     Checking plotters-svg v0.3.3
[INFO] [stderr]     Checking lru v0.6.6
[INFO] [stderr]     Checking bcrypt v0.8.2
[INFO] [stderr]     Checking itertools v0.10.5
[INFO] [stderr]     Checking actix-connect v1.0.2
[INFO] [stderr]     Checking csv-core v0.1.10
[INFO] [stderr]     Checking cast v0.3.0
[INFO] [stderr]     Checking same-file v1.0.6
[INFO] [stderr]     Checking half v1.8.2
[INFO] [stderr]     Checking walkdir v2.3.2
[INFO] [stderr]     Checking rayon v1.6.1
[INFO] [stderr]     Checking plotters v0.3.4
[INFO] [stderr]     Checking structopt v0.3.26
[INFO] [stderr]     Checking oorandom v11.1.3
[INFO] [stderr]     Checking serde_json v1.0.89
[INFO] [stderr]     Checking serde_urlencoded v0.6.1
[INFO] [stderr]     Checking actix-router v0.2.7
[INFO] [stderr]     Checking serde_urlencoded v0.7.1
[INFO] [stderr]     Checking bstr v0.2.17
[INFO] [stderr]     Checking toml v0.5.10
[INFO] [stderr]     Checking criterion-plot v0.4.5
[INFO] [stderr]     Checking tinytemplate v1.2.1
[INFO] [stderr]     Checking serde_cbor v0.11.2
[INFO] [stderr]     Checking csv v1.1.6
[INFO] [stderr]     Checking actix-http v1.0.1
[INFO] [stderr]     Checking hyper v0.13.10
[INFO] [stderr]     Checking criterion v0.3.6
[INFO] [stderr]     Checking awc v1.0.1
[INFO] [stderr]     Checking actix-web v2.0.0
[INFO] [stderr]     Checking actix-web-httpauth v0.4.2
[INFO] [stderr]     Checking actix-files v0.2.2
[INFO] [stderr]     Checking tokio-tls v0.3.1
[INFO] [stderr]     Checking hyper-tls v0.4.3
[INFO] [stderr]     Checking reqwest v0.10.10
[INFO] [stderr]     Checking dns v0.1.0 (/opt/rustwide/workdir)
[INFO] [stdout] error[E0061]: this function takes 2 arguments but 4 arguments were supplied
[INFO] [stdout]   --> benches/filter_vector_benchmark.rs:24:18
[INFO] [stdout]    |
[INFO] [stdout] 24 |     let filter = Filter::from_disk(FilterVersion::Ultimate, format, PathBuf::from("./"), vec![])
[INFO] [stdout]    |                  ^^^^^^^^^^^^^^^^^                          ------                       ------ unexpected argument of type `Vec<_>`
[INFO] [stdout]    |                                                             |
[INFO] [stdout]    |                                                             unexpected argument of type `dns::filter::FilterFormat`
[INFO] [stdout]    |
[INFO] [stdout] note: expected `Arc<Mutex<Config>>`, found `FilterVersion`
[INFO] [stdout]   --> benches/filter_vector_benchmark.rs:24:36
[INFO] [stdout]    |
[INFO] [stdout] 24 |     let filter = Filter::from_disk(FilterVersion::Ultimate, format, PathBuf::from("./"), vec![])
[INFO] [stdout]    |                                    ^^^^^^^^^^^^^^^^^^^^^^^
[INFO] [stdout]    = note: expected struct `Arc<Mutex<Config>>`
[INFO] [stdout]                 found enum `dns::filter::FilterVersion`
[INFO] [stdout] note: associated function defined here
[INFO] [stdout]   --> /opt/rustwide/workdir/src/filter.rs:86:12
[INFO] [stdout]    |
[INFO] [stdout] 86 |     pub fn from_disk(config: Arc<Mutex<Config>>, path: PathBuf) -> Result<Filter, std::io::Error> {
[INFO] [stdout]    |            ^^^^^^^^^
[INFO] [stdout] help: remove the extra arguments
[INFO] [stdout]    |
[INFO] [stdout] 24 -     let filter = Filter::from_disk(FilterVersion::Ultimate, format, PathBuf::from("./"), vec![])
[INFO] [stdout] 24 +     let filter = Filter::from_disk(/* Arc<Mutex<Config>> */, PathBuf::from("./"))
[INFO] [stdout]    |
[INFO] [stdout] 
[INFO] [stdout] 
[INFO] [stdout] error[E0599]: no method named `is_filtered` found for struct `dns::filter::Filter` in the current scope
[INFO] [stdout]   --> benches/filter_vector_benchmark.rs:27:26
[INFO] [stdout]    |
[INFO] [stdout] 27 |         b.iter(|| filter.is_filtered(black_box(&String::from("notblacklisted.com"))))
[INFO] [stdout]    |                          ^^^^^^^^^^^ method not found in `Filter`
[INFO] [stdout] 
[INFO] [stdout] 
[INFO] [stdout] error[E0599]: no method named `is_filtered` found for struct `dns::filter::Filter` in the current scope
[INFO] [stdout]   --> benches/filter_vector_benchmark.rs:30:26
[INFO] [stdout]    |
[INFO] [stdout] 30 |         b.iter(|| filter.is_filtered(black_box(&String::from("0.015.openvpn.btcchina.com"))))
[INFO] [stdout]    |                          ^^^^^^^^^^^ method not found in `Filter`
[INFO] [stdout] 
[INFO] [stdout] 
[INFO] [stdout] error[E0599]: no method named `is_filtered` found for struct `dns::filter::Filter` in the current scope
[INFO] [stdout]   --> benches/filter_vector_benchmark.rs:33:26
[INFO] [stdout]    |
[INFO] [stdout] 33 |         b.iter(|| filter.is_filtered(black_box(&String::from("zzzzzz.com"))))
[INFO] [stdout]    |                          ^^^^^^^^^^^ method not found in `Filter`
[INFO] [stdout] 
[INFO] [stdout] 
[INFO] [stdout] error[E0599]: no method named `is_filtered` found for struct `dns::filter::Filter` in the current scope
[INFO] [stdout]   --> benches/filter_vector_benchmark.rs:37:20
[INFO] [stdout]    |
[INFO] [stdout] 37 |             filter.is_filtered(black_box(&String::from(
[INFO] [stdout]    |             -------^^^^^^^^^^^ method not found in `Filter`
[INFO] [stdout] 
[INFO] [stdout] 
[INFO] [stdout] error: aborting due to 5 previous errors
[INFO] [stdout] 
[INFO] [stdout] 
[INFO] [stdout] Some errors have detailed explanations: E0061, E0599.
[INFO] [stdout] 
[INFO] [stdout] For more information about an error, try `rustc --explain E0061`.
[INFO] [stdout] 
[INFO] [stderr] error: could not compile `dns` (bench "filter_vector_benchmark") due to 6 previous errors
[INFO] [stderr] warning: build failed, waiting for other jobs to finish...
[INFO] running `Command { std: "docker" "inspect" "4fb7354d5c05ce48a7c75f49738194fbaaed1cc750fb8f932b38394288e5bd4a", kill_on_drop: false }`
[INFO] running `Command { std: "docker" "rm" "-f" "4fb7354d5c05ce48a7c75f49738194fbaaed1cc750fb8f932b38394288e5bd4a", kill_on_drop: false }`
[INFO] [stdout] 4fb7354d5c05ce48a7c75f49738194fbaaed1cc750fb8f932b38394288e5bd4a
